*v + 18 + 3. Let b = 7 + v. Suppose 119 = -b*l + 5*l. Is l a composite number?
True
Suppose -4*c + 8*c - 2*b - 7264 = 0, b = c - 1815. Is c composite?
True
Let o(u) = 3*u**2 - 2*u. Let r(g) = -3*g - 4. Let z be r(-10). Let i = z + -19. Is o(i) composite?
True
Let x(s) = -1806*s + 137. Is x(-6) prime?
True
Let d = 2538 + 6983. Is d a composite number?
False
Let b(u) be the third derivative of 0 + 1/3*u**3 + 0*u - 1/60*u**5 + 6*u**2 - 1/3*u**4. Is b(-6) a prime number?
False
Suppose -7 = -l - 2*s, -5*l - 6 - 4 = -5*s. Let u(w) = 4*w**2 - w. Let d be u(l). Is (10/(-4) + d)*6 a composite number?
False
Suppose 11*j = -22 - 11. Let o(h) = -2 - 4*h**3 + 0 + 0*h + 2*h + 5*h**2. Is o(j) a prime number?
False
Suppose -2*b + 5*f - 4858 = 0, -2*b = 4*f + f + 4898. Is (0 - 6)*b/18 a prime number?
False
Suppose -5*t - 27 = 3*j, -2*t - 3*j - j = 22. Is -3*703/t - 0 composite?
True
Let s(r) = -14*r**3 + 15*r**2 + 8*r - 15. Is s(-8) composite?
True
Suppose -p = -0*p - 4. Let r be p - 1 - (-11 - 0). Suppose 2*q - 82 = -r. Is q prime?
False
Let t(j) = 2447*j**3 + 2*j**2 - j. Let p be t(1). Suppose y + 4*r = r - 599, r = 4*y + p. Let n = -420 - y. Is n composite?
False
Suppose 8 = 2*x - 3*n - 14, -x - 3 = 2*n. Suppose 0 = x*d + 2*j + 3*j - 35, 4*d - 23 = -3*j. Suppose d*g + 666 = 2134. Is g composite?
True
Let k = 92 - 100. Let r(h) = 2 - 11 - 3*h**2 - h**3 - 8*h - 5*h**2. Is r(k) a composite number?
True
Let r = -28 + 30. Suppose -2512 = -x - x - r*c, 4*x = -c + 5033. Is x prime?
True
Let j(a) = a**2. Let g(u) = 4*u**2 + 2*u + 2. Let n(l) = g(l) - 6*j(l). Let f be n(2). Is f/(1 - 3/2) a prime number?
False
Let z = -28017 + 48494. Is z a prime number?
True
Suppose 8*v = 15 + 25. Suppose 2*z = 3*x - 0*z - 551, v*x - 912 = -3*z. Is x prime?
False
Suppose -19*r + 47160 = -13*r. Suppose r = 5*o + 1015. Is o prime?
False
Let d be (-20)/8 + 5252/8 + 4. Let f be 694/8 + 2/8. Let z = d + f. Is z composite?
True
Let b be (-1070)/45 - (-2)/(-9). Let o = b + 107. Is o a composite number?
False
Let v = 23 - 21. Suppose -k + 2631 = v*k. Is k a prime number?
True
Let d(y) = -y**3 + 6*y**2 + 9*y - 11. Let a be d(7). Suppose -5*v = z - 2430, a*v - 2*v = -5*z + 510. Is v prime?
False
Let i(w) = w**3 + 2*w**2 - 10*w - 3. Let r be i(-4). Let x be 297/r - (-6)/10. Suppose 2*c - x = -18. Is c a composite number?
True
Let m = 36 + -26. Suppose 0 = 4*v - 2 - m. Suppose v*k + 1042 = 5*k. Is k a composite number?
False
Let v(k) = k**3 - 2*k**2 - 4*k + 4. Let s be v(3). Suppose -4*b - s = -13. Suppose -1880 = -5*z - 5*o, 0*o - b*o - 737 = -2*z. Is z a composite number?
False
Suppose -9*c + 2*c = -117677. Is c composite?
False
Let z(m) = 440*m**2 + 15*m + 72. Is z(-11) a prime number?
True
Let h be (-444)/(-32) - 2/(-16). Is (-668)/24*h*-3 prime?
False
Let w = 60597 + -33766. Is w a prime number?
False
Let v(h) = -h**2 - 13*h - 9. Let z be v(-10). Let s = 94 - z. Let i = 107 - s. Is i a composite number?
True
Suppose 7*h + 22914 = 3*b + 10*h, -30553 = -4*b - 3*h. Is b composite?
False
Suppose 5*p - 4*g + 233 = -2*g, -p - g - 41 = 0. Let y be ((-3)/(-5))/((-9)/p). Is (194 - y - 0)/1 prime?
True
Let l(t) = t**2 + 31*t - 55. Is l(27) composite?
False
Let s = 23 + 87. Let u be (s/(-4))/((-6)/276). Suppose 3*m = 8*m - u. Is m prime?
False
Let g = 1798 + -93. Let f = g - 1202. Is f prime?
True
Let n(r) = 37*r + 1. Let s be n(7). Suppose 0 = 2*q - 3*o - s, 0 = 2*q - 4*o - 117 - 145. Is q prime?
True
Is ((-102192)/(-64))/((-3)/(-28)) a composite number?
True
Suppose 0 = 2*p + 54 - 2. Let a = 30 + p. Is ((-12)/(-6))/(a/158) composite?
False
Suppose -5*k + 31 = -4*v, -3*k + 2*k = -3*v - 15. Let p be (-2)/v*(-6 - -6). Suppose p = d - 51 - 20. Is d prime?
True
Suppose 5*g - 9 = 3*k + k, -4*g + 5*k = 0. Suppose 3*d + 5*q = -13, g*d - 2*q - 40 = 2*q. Suppose d*h + 5*w = 293, -3*w + 40 = h - 28. Is h a prime number?
False
Let j(p) = -20*p - 197. Let q be j(-10). Let y(m) = 1972*m + 6. Let l be y(-5). Is l/(-52)*(-1 + q) a composite number?
False
Let p = -207572 - -363181. Is p a composite number?
False
Let v = -31 - -34. Is (-79)/v*(-90 + (-2 - -5)) prime?
False
Suppose 2*s - 4*o + 3806 = 0, -3852 = 4*s - 3*o + 3745. Let u = -1230 - s. Let p = u + -416. Is p prime?
True
Let a(o) = o**3 - 54*o**2 + 15*o - 231. Is a(58) composite?
True
Let t = 615 + -279. Suppose -4*v = a - 460, 3*v - 9 = 5*a + t. Is v a prime number?
False
Let q = -6 + 9. Suppose 6*s = -2*w + q*s + 1399, -w + 3*s = -722. Is w a composite number?
True
Let c be (-11 + -1)*1/(-4). Suppose 4*b = 2*u - 12, 0*b - c*b - 8 = -u. Suppose 3*j = -3*r + 627, u*r + 2*j - 1051 = -3*r. Is r a composite number?
False
Suppose g = -0*g + 2*x, -3*g - x = 0. Suppose 2*t - 54 - 22 = g. Is t prime?
False
Let m(s) = s**3 - 16*s**2 - s - 4. Let j be m(16). Let d = 20 + j. Suppose d = -f - 3*f + 1508. Is f prime?
False
Let h(z) = z**3 - 8*z**2 + 12*z + 1. Let u be h(5). Is ((-2)/6)/(u/13398) a composite number?
True
Suppose -k = 2*s - 5, s + 10 = -4*k + k. Suppose -4*p = -s*t - 0*t - 4448, 0 = p + 2*t - 1125. Is p a composite number?
False
Let f = 15124 + -7569. Is f a prime number?
False
Let b(m) = 2*m**2 + 19*m - 9. Is b(14) composite?
True
Suppose -3*y + 537 + 613 = 4*s, 0 = -5*s + 5*y + 1455. Is s prime?
False
Let b be (-9)/(-45) + 39/5 + 1. Suppose -b*t = -5*t - 884. Is t prime?
False
Let t(l) = 12*l - 340*l**3 + 121*l**3 + 2*l**2 - 11*l. Let n be t(-1). Let s = 69 + n. Is s a prime number?
False
Is ((-2714)/69)/((-2)/15) a composite number?
True
Let y(q) = 2 - 2 - 1 + 77*q + 126*q. Let n be y(6). Suppose -a - n = -g - 3*g, -a + 3 = 0. Is g a composite number?
True
Suppose 0 = -4*r + 11 + 5. Suppose 0 = -r*q - q + 1285. Is q a composite number?
False
Let d(j) be the first derivative of 11/2*j**2 - 1 - 17*j. Is d(12) prime?
False
Let l(v) = 3*v - 12. Suppose 4*o - 27 + 7 = 0. Let i be l(o). Suppose i*f - 4143 = -0*f. Is f composite?
False
Suppose -121*m + 128*m = 39081. Is m prime?
False
Let l = 15 - 14. Suppose -5*n - l = -16. Suppose -n*o = -0*o - 66. Is o a prime number?
False
Let a = 14 + -11. Let c be (-6)/a*(1 + 2). Is (820/12)/(-5)*c prime?
False
Suppose -2*b + i = 25, 4*i = 2*b + 3*b + 61. Let j = -13 - b. Suppose j = -n - 0*n + 35. Is n composite?
True
Suppose -3*a = -0*a - 6, a = -3*m + 17. Suppose m*s - 2122 = -3*f - f, -2*f = -2*s - 1070. Is f prime?
False
Let s be -3 + 28/(-2 + 6). Suppose i - 5*l = 96 + 297, 4*i - s*l - 1636 = 0. Is i composite?
True
Let z = 17364 - 5069. Is z a prime number?
False
Let z = -7 + 12. Suppose -349 - 91 = -z*p. Suppose 3*m - 179 - p = 0. Is m prime?
True
Let f be (12*-5)/((-4)/(-6)). Let j(b) = -b**2 + b + 217. Let x be j(0). Let t = f + x. Is t a prime number?
True
Let v be (5 - -1709) + (0 - 1). Let j be -5 - 8598/8 - (-3)/(-12). Let k = v + j. Is k a prime number?
False
Suppose 5*f + m - 15597 = 27212, 3*m + 17110 = 2*f. Is f composite?
True
Suppose 2*u + 0*u - 214 = 0. Is 2/2 + u + 1 a composite number?
False
Let q = 2104 - 764. Suppose -i + q = 3*i. Is i a composite number?
True
Is (5 + 159932/(-24))/(1/(-6)) a composite number?
False
Suppose -20*q - 6047 = -21*q. Is q a composite number?
False
Suppose -3*t + 5 + 10 = 0. Let g be 1 - -2 - t - -4. Suppose 70 = g*b - 48. Is b a composite number?
False
Let p(h) = 1121*h - 50. Is p(3) prime?
True
Suppose -g - 7*d + 3*d = -58463, -5*g + 2*d + 292249 = 0. Is g composite?
False
Let m(a) = 6*a + 431 + 4*a - 455. Is m(7) a composite number?
True
Suppose -5246 = -5*p - 2*d, -3*p - 4*d + 3144 = -d. Suppose 5*z = -3*v + 1048, -z - 5*v = 4*z - p. Is z prime?
False
Suppose -2*d - 2722 = -5*g, 4*g + 4106 = d - 4*d. Let x = -359 - d. Is x prime?
False
Suppose -a + 3 = -0*a + h, 3*h = -15. Suppose -a*n + 248 = -11552. Suppose c - n = -4*c. Is c a prime number?
False
Let j be 2 + 6/9*-6. Let x be (-129)/(-6 - -3) - j. Suppose -5*o = -x - 70. Is o prime?
True
Suppose -2*m + 5 = -m, 2*i = 3*m + 23003. Is i prime?
False
Let c be 0/(-1 - 0)*1. Let x be -1*(1 + c - 4). Is 1 - (-237)/x - 1 prime?
True
Let d(v) = 260*v**2 - 3*v + 2. Let f be (6 - (-4 - -8))*(-1)/(-2). Is d(f) prime?
False
Suppose -8*i = -3*i + 3*r - 13178, 2646 = i - 2*r. Is i composite?
True
Suppose -7*u + 864 = -3*u. Suppose -u = -0*k - 4*k - a, 20 = -5*a. Is k a prime number?
False
Let j = -1230 - 2018. Let n b